 + 20, -5*k + j*q = -4*k - 24. Suppose 4*s - 394 = -w, -k*s - 104 + 504 = 4*w. What is the units digit of s?
8
What is the tens digit of 13 + 4236/(17 + -14)?
2
Suppose 0*d + 191 = 5*j - d, 3*j + d = 113. Suppose 62 = -5*z + l, l + 0*l = 3*z + j. Let o = 86 + z. What is the tens digit of o?
7
Suppose -14*r = -6*r - 45456. Suppose -5*x + r = -3093. What is the tens digit of x?
5
Suppose -3*f + 2*f = 3*x - 25475, 0 = x - 3*f - 8495. What is the hundreds digit of x?
4
Let y(b) be the third derivative of 65*b**4/24 - 57*b**3/2 + 55*b**2. What is the units digit of y(7)?
4
Suppose 16*h + 74377 = 20*h + 5*k, h - 2*k = 18617. What is the units digit of h?
3
Let c(g) = -2114*g + 132. What is the tens digit of c(-2)?
6
Let f(d) = -2*d**2 + 24*d - 8. Let c be f(14). Let w = -62 - c. What is the tens digit of (31 + -5 - w) + -1?
2
Suppose 9*u - u = -5*u. Suppose u = -16*b + 4348 + 4820. What is the tens digit of b?
7
Let t = -2067 - -5917. What is the units digit of (-7 + -1)/(3 + t/(-1280))?
4
Let a(u) = -u**2 + 26*u - 38. Let d be (9/12 + (-123)/12)*-2. Let l be a(d). Let h = 250 - l. What is the tens digit of h?
5
Suppose 3*s - 5*x = s + 33, -2*x = 4*s - 6. Suppose 0 = -s*o + 89 + 719. Let u = o + -118. What is the tens digit of u?
8
Let q(b) = 2296*b + 1515. What is the ten thousands digit of q(7)?
1
Let v(w) = 162*w - 27. Let d be v(6). Let z = d - 625. What is the tens digit of z?
2
Let j(b) = 909*b**2 - 7*b - 24. What is the tens digit of j(-3)?
7
Let c be 11402/15 + 12/(-90). Suppose 6*v = -2*v + c. Suppose 0 = 4*q - 2*f + 5*f - 89, -4*q - 5*f = -v. What is the tens digit of q?
2
What is the tens digit of 3252/7 - (1 + 30/(-70))?
6
Let g(u) be the second derivative of 0 + 9/2*u**2 + 24*u - 1/6*u**3. What is the units digit of g(0)?
9
Let c be 2 + ((1*4)/(-41 - -45) - -2). Let h be 2/(-4) - 14/(-4). Suppose h + 32 = c*j. What is the units digit of j?
7
Suppose -6 = -5*a + 4*i, -7*a + 2*a - 5*i - 30 = 0. What is the hundreds digit of 2 + -5 - 226*6/a?
6
Let i = 952 + -398. Let u = i - 221. What is the tens digit of u?
3
Suppose -3*v + 328212 = -6*v + 21*v. What is the units digit of v?
4
Let q(d) = -10*d**2 - d**3 - 8 - d**3 - 3*d**3 + 4*d**3 - d. Let b be q(-10). Suppose -2*f - 4*x = -f - 51, 0 = -b*f - 4*x + 94. What is the tens digit of f?
4
Let v(k) = k**3 + k**2 + k + 9. Let f be v(-2). Suppose 8 + 1 = -f*p, -p = -5*n + 4368. What is the tens digit of n?
7
Let r = 4070 + -2907. Let v = r + -773. What is the tens digit of v?
9
Let z(y) = 0 - 2*y + 3 + 114*y**2 - 26*y**2. Suppose 64 = -21*i + 85. What is the units digit of z(i)?
9
Let d(h) = -17*h + 5*h + h**2 + 8*h - 16. Let q be d(7). Suppose -q*f + 275 = 6*f. What is the tens digit of f?
2
Let x be 2/7 + (-78736)/(-196). Suppose 3*a + 4*q - 813 = 0, 5*a + x = 5*q + 1792. What is the hundreds digit of a?
2
Suppose -j = j - 436. Suppose 494 = 63*q - 60*q - 4*d, 11*q = 5*d + 1763. Suppose -q = -2*p + 5*v + 18, 3*p - j = -4*v. What is the tens digit of p?
7
Let m(s) = -2*s**2 - 2*s - 1. Let t be m(-4). Let p be t/3 + (-3)/(-9). Let l(n) = n**2 + 4*n - 23. What is the units digit of l(p)?
9
Suppose 0 = 53*r - 1146 + 3160. Suppose -55 = -5*q - 3*z + 779, 0 = -3*q + z + 492. Let m = q + r. What is the units digit of m?
7
Let t be (11/33)/(2/(-6)) + 2. What is the tens digit of (t + (-530)/14)*(76 - 83)?
5
Let d(p) = -p**2 + 3*p + 35. Let m be d(0). Let l = 35 - m. Suppose -306 = -l*g - 3*g. What is the units digit of g?
2
Suppose 0 = -4*s - 3*s + 35. Suppose 0 = -5*j + o - 25, s*j + 12 = 2*o - 18. What is the tens digit of (2/j)/(8/(-864))?
5
What is the units digit of 1/(-10) - 400525/(-250)?
2
Suppose 5*k - 2*x = 6*k - 4442, -3*x - 4437 = -k. Suppose -k = -13*z + 3633. What is the tens digit of z?
2
Suppose -x - 40476 = -5*n, 0 = n + 4*x - 6246 - 1866. Suppose w + 2*w = 5*b - 4865, 5*w = -4*b - n. What is the hundreds digit of (w/(-50))/(0 - (-2)/15)?
2
Let i = 453 - 561. What is the tens digit of (-1)/(5/40) - -3 - i?
0
Suppose -2*l = 3*y - 0*l - 529, 5*y + 5*l = 880. Let n(p) = 70*p - 833. Let t be n(12). Let r = t + y. What is the tens digit of r?
8
Let a = -4431 - -12825. What is the units digit of a?
4
Suppose -158 = -3*u + 151. Suppose 5*k - 565 = 4*o, -2*k - 5*o - 134 = -3*k. Suppose 2*g - u = k. What is the tens digit of g?
0
Suppose -8*r - 1 - 15 = 0. Let f = 14 - r. Let p(a) = -2*a**2 + 37*a + 3. What is the units digit of p(f)?
3
Suppose 4*i - 5*i - f = -11, -15 = 3*f. Suppose 2978 = i*c - 2142. What is the hundreds digit of c?
3
Let n = -4529 - -6577. Suppose 124*q = 128*q - n. What is the units digit of q?
2
What is the thousands digit of (-519834)/(-6)*(-40)/(-140)?
4
Suppose 68*m - 257744 = 1513928. What is the units digit of m?
4
Suppose -4*d = 5*g + 57, 2*g + 24 = -2*d + d. Let h = -7 - g. Suppose 10*c - h*c - 188 = 0. What is the units digit of c?
7
Let m = 63 + -57. Let g(a) = 4 + 12*a + m - 4 + 1. What is the units digit of g(4)?
5
Suppose -2*u + 10 = 0, 29 = 6*s - 4*s + 5*u. What is the units digit of s/((-10326)/(-1290) - 8)?
0
Let s = 75256 - 3293. What is the ten thousands digit of s?
7
Suppose -2*x + 11*p = 7*p + 54, -3*p = 5*x + 135. What is the tens digit of 43088/144 + 6/x?
9
Let o be 42/35 + -2 - (-9948)/10. Suppose -1482 = -3*g - 3*r, 5*r - o = -2*g - 0*r. What is the tens digit of g?
9
What is the units digit of 96698/7 - 17/1?
7
Let w = -2805 - -1444. Let m = -1003 - w. What is the units digit of m?
8
Let n(u) = u**3 - 12*u**2 + 6*u - 10. Let r be n(11). Let w be 726/8 - -1 - (-54)/(-72). Let z = w + r. What is the tens digit of z?
2
Let a(c) = c**3 - 3*c**2 - 3*c - 3. Suppose 8 = 2*f + 2*m + 3*m, 4*f - 16 = -5*m. Let i be a(f). What is the units digit of (i - (-3 - -6))/((-6)/15)?
5
What is the tens digit of 4/22 + 15 + (-439839)/(-99)?
5
Let n(m) = -53*m + 121. Let j(k) = 52*k - 119. Let i(l) = -5*j(l) - 6*n(l). What is the tens digit of i(3)?
4
What is the units digit of (2470/(-52))/(((-2)/(-5))/(12/(-15)))?
5
Let k(u) = 2001*u - 358. What is the hundreds digit of k(3)?
6
Suppose 0 = 12*b - 22 - 2. Suppose 5*l + x = -2*x + 1431, 0 = -4*l - b*x + 1146. Suppose -4*q + 229 = 3*g, l = 4*g + q - 0*q. What is the units digit of g?
1
Let i(l) be the third derivative of l**5/60 - 13*l**4/24 + 29*l**3/6 + 52*l**2. Let w(q) = q + 4. Let z be w(9). What is the tens digit of i(z)?
2
What is the tens digit of 11/(-154)*7 + (-20474)/(-4)?
1
Let l = 650 - 387. What is the units digit of -1 + -2 - (47 - l)?
3
Suppose 22*a + 10200 = 16*a. Let r = a + 2387. What is the hundreds digit of r?
6
Suppose 3*j + 25 = 4*w + 4*j, -5 = -2*w + j. Suppose 4*r = -d - 21, 0*r - 45 = w*d + 5*r. What is the units digit of 2 + 7/(-5) - 122/d?
5
Let v = 2053 + -1314. What is the units digit of v?
9
Let n(v) = 2*v**3 - 75*v**2 + 152*v - 802. What is the hundreds digit of n(50)?
2
Let y be ((-325)/15)/(4 + (-116)/24). Suppose -13948 - 9920 = -y*z. What is the units digit of z?
8
Let s = 2894 - 1446. Suppose 0 = 548*m - 544*m - s. What is the tens digit of m?
6
Let u = 14882 - 8643. What is the hundreds digit of u?
2
Let u = -13097 - -18731. What is the units digit of u?
4
Suppose 48 + 92 = 5*m - 5*x, -3*x + 78 = 3*m. Suppose 4*a - 20 = -4*l, -53*a + 12 = -51*a + 3*l. What is the tens digit of m*a + -10 + 9?
8
Suppose 0 = -25*s + 3*q + 103957, -3280 + 24099 = 5*s + 4*q. What is the units digit of s?
9
Let g(r) = r**2 - r + 1. Let z(p) = p**3 - 6*p**2 - 17*p - 13. Let t(i) = -6*g(i) + z(i). Let c be t(13). Suppose n + c*n = 328. What is the tens digit of n?
4
Let t = 7 + -4. Suppose 4*w + 8 = 0, -4*r + 3 = t*w - 3. Suppose l = 5*m - 3*l - 25, 3*l = -r*m + 15. What is the units digit of m?
5
Suppose -86079 + 456969 = -54*h + 80*h. What is the tens digit of h?
6
Let s = 34364 - 24234. What is the thousands digit of s?
0
Let m be 5752/25 - 44/550. Suppose -228*j + m*j - 930 = 0. What is the units digit of j?
5
Let v(x) = 12*x - 11. Let q be v(-3). Let t = 47 + q. Suppose 19 = 3*j - 5*p, 0 = -2*p - t*p - 4. What is the units digit of j?
3
Let x(k) be the third derivative of -k**5/30 + k**4/12 - k**3 - 29*k**2. Let p be x(2). What is the tens digit of (-44 - 6)*24/p?
2
What is the hundreds digit of -10*(-8)/6*(-525312)/(-2280)?
0
Let x(c) = c**3 - c**2 - 30*c - 91. What is the thousands digit of x(20)